{"id":30,"date":"2013-05-12T09:26:17","date_gmt":"2013-05-12T09:26:17","guid":{"rendered":"http:\/\/www.dianapenzion.cz\/web\/?page_id=30"},"modified":"2024-02-22T18:42:56","modified_gmt":"2024-02-22T18:42:56","slug":"uvod","status":"publish","type":"page","link":"https:\/\/www.dianapenzion.cz\/web\/","title":{"rendered":"\u00davod"},"content":{"rendered":"<p><br \/>\n<div id=\"heading-counter-1\" class=\"heading heading-1 type-divider\" ><h1><span class=\"inner\"><span class=\"helper-1\"><\/span>Penzion Diana *** Villa Diana *** ubytov\u00e1n\u00ed v soukrom\u00ed<span class=\"helper-2\"><\/span><\/span><\/h1><\/div><br \/>\n<div class=\"grid\"><div class=\"c-one-half \"><strong>Penzion Diana *** Villa Diana B\u011bl\u00e1 pod Bezd\u011bzem<\/strong> le\u017e\u00ed v centru malebn\u00e9ho m\u011bste\u010dka obklopen\u00e9ho lesy, v klidn\u00e9m prost\u0159ed\u00ed, v bl\u00edzkosti n\u00e1m\u011bst\u00ed. Bydlen\u00ed je vhodn\u00e9 pro firmy i pro rekreanty, pro cyklisty i turisty, ale i pro po\u0159\u00e1d\u00e1n\u00ed \u0161kolen\u00ed, kurz\u016f a semin\u00e1\u0159\u016f. Ubytov\u00e1n\u00ed penzionu Diana je celoro\u010dn\u00ed. <strong>P\u0159ipojen\u00ed WI-FI zdarma.<\/strong> Parkov\u00e1n\u00ed je p\u0159ed penzionem nebo ve dvo\u0159e.<\/p>\n<p>Host\u00e9 jist\u011b uv\u00edtaj\u00ed mo\u017enost vlastn\u00edho va\u0159en\u00ed, mal\u00e1 kuchy\u0148ka s chladni\u010dkou a soci\u00e1ln\u00ed za\u0159\u00edzen\u00ed je sou\u010d\u00e1st\u00ed ka\u017ed\u00e9ho pokoje \u010di apartm\u00e1nu. P\u0159\u00edjemn\u00e9 chv\u00edle lze str\u00e1vit i na zahrad\u011b, kde p\u0159ed ka\u017ed\u00fdm pokojem je mo\u017enost venkovn\u00edho posezen\u00ed.<\/p>\n<p><strong>Ji\u017e od 1. 6. 1993 se zde host\u00e9 mohou ubytovat a pro\u017e\u00edt zde klidn\u00e9 chv\u00edle. <\/strong><strong>Vhodn\u00e9 i pro dlouhodob\u00e9 bydlen\u00ed.<\/strong><\/p>\n<\/div><div class=\"c-one-half \"><strong>B\u011bl\u00e1 pod Bezd\u011bzem<\/strong> (300 m.n.v.) pat\u0159\u00ed k rekrea\u010dn\u00ed oblasti M\u00e1chova kraje. Le\u017e\u00ed v mikroregionu Nisa na rozhran\u00ed t\u0159\u00ed region\u016f &#8211; CHKO \u010cesk\u00fd r\u00e1j, CHKO Koko\u0159\u00ednska a Podralska. 12 km od M\u00e1chova jezera a 13 km od Mlad\u00e9 Boleslavi. P\u0159es B\u011blou vede p\u0159eshrani\u010dn\u00ed cyklotrasa \u010d. 241 M\u011bln\u00edk &#8211; \u017ditava, na kterou navazuje cyklotrasa \u010d. 3040 &#8211; 3045 B\u011bl\u00e1 p. B. &#8211; Hr\u00e1dek &#8211; \u017ditava. Asi 500 m od penzionu je p\u011bkn\u00e9 p\u0159\u00edrodn\u00ed koupali\u0161t\u011b.<\/p>\n<p>Dominantu m\u011bsta tvo\u0159\u00ed 7 km vzd\u00e1len\u00fd <strong>hrad Bezd\u011bz<\/strong>, kter\u00fd vznikl na podn\u011bt \u010desk\u00e9ho kr\u00e1le P\u0159emysla Otakara II. kolem roku 1264. Z jeho zrekonstruovan\u00e9 v\u011b\u017ee je velmi p\u011bkn\u00fd rozhled do \u0161irok\u00e9ho okol\u00ed. Hrad Bezd\u011bz pat\u0159\u00ed mezi nejv\u00fdznamn\u011bj\u0161\u00ed a nejl\u00e9pe dochovan\u00e9 ran\u011b gotick\u00e9 pam\u00e1tky a v roce 1978 byl vyhl\u00e1\u0161en n\u00e1rodn\u00ed kulturn\u00ed pam\u00e1tkou.<\/p>\n<\/div><\/div><\/p>\n<div class=\"divider type-simple\"><\/div>\n<p><a href=\"https:\/\/www.dianapenzion.cz\/web\/kontakty\/\"><img loading=\"lazy\" class=\"aligncenter size-full wp-image-270\" src=\"https:\/\/www.dianapenzion.cz\/web\/wp-content\/uploads\/2013\/05\/web_pikto42.png\" alt=\"web_pikto4\" width=\"1024\" height=\"381\" srcset=\"https:\/\/www.dianapenzion.cz\/web\/wp-content\/uploads\/2013\/05\/web_pikto42.png 1024w, https:\/\/www.dianapenzion.cz\/web\/wp-content\/uploads\/2013\/05\/web_pikto42-300x111.png 300w\" sizes=\"(max-width: 1024px) 100vw, 1024px\" \/><\/a><\/p>\n<div class=\"divider type-simple\"><\/div>\n<p style=\"text-align: right;\">Aktualizov\u00e1no\u00a0 22. 2. 2024<\/p>\n","protected":false},"excerpt":{"rendered":"<p>Aktualizov\u00e1no\u00a0 22. 2. 2024<\/p>\n","protected":false},"author":1,"featured_media":0,"parent":0,"menu_order":0,"comment_status":"closed","ping_status":"open","template":"","meta":{"ngg_post_thumbnail":0,"_links_to":"","_links_to_target":""},"yoast_head":"<!-- This site is optimized with the Yoast SEO plugin v16.8 - https:\/\/yoast.com\/wordpress\/plugins\/seo\/ -->\n<meta name=\"description\" content=\"Diana penzion B\u011bl\u00e1 pod Bezd\u011bzem le\u017e\u00ed v centru malebn\u00e9ho m\u011bste\u010dka obklopen\u00e9ho lesy, v klidn\u00e9m prost\u0159ed\u00ed, v bl\u00edzkosti n\u00e1m\u011bst\u00ed. Ubytov\u00e1n\u00ed B\u011bl\u00e1 pod Bezd\u011bzem\" \/>\n<meta name=\"robots\" content=\"index, follow, max-snippet:-1, max-image-preview:large, max-video-preview:-1\" \/>\n<link rel=\"canonical\" href=\"https:\/\/www.dianapenzion.cz\/web\/\" \/>\n<meta property=\"og:locale\" content=\"cs_CZ\" \/>\n<meta property=\"og:type\" content=\"article\" \/>\n<meta property=\"og:title\" content=\"\u00davod - Ubytov\u00e1n\u00ed B\u011bl\u00e1 pod Bezd\u011bzem\" \/>\n<meta property=\"og:description\" content=\"Diana penzion B\u011bl\u00e1 pod Bezd\u011bzem le\u017e\u00ed v centru malebn\u00e9ho m\u011bste\u010dka obklopen\u00e9ho lesy, v klidn\u00e9m prost\u0159ed\u00ed, v bl\u00edzkosti n\u00e1m\u011bst\u00ed. Ubytov\u00e1n\u00ed B\u011bl\u00e1 pod Bezd\u011bzem\" \/>\n<meta property=\"og:url\" content=\"https:\/\/www.dianapenzion.cz\/web\/\" \/>\n<meta property=\"og:site_name\" content=\"Ubytov\u00e1n\u00ed B\u011bl\u00e1 pod Bezd\u011bzem\" \/>\n<meta property=\"article:modified_time\" content=\"2024-02-22T18:42:56+00:00\" \/>\n<meta property=\"og:image\" content=\"https:\/\/www.dianapenzion.cz\/web\/wp-content\/uploads\/2013\/05\/web_pikto42.png\" \/>\n<meta name=\"twitter:label1\" content=\"Odhadovan\u00e1 doba \u010dten\u00ed\" \/>\n\t<meta name=\"twitter:data1\" content=\"2 minuty\" \/>\n<script type=\"application\/ld+json\" class=\"yoast-schema-graph\">{\"@context\":\"https:\/\/schema.org\",\"@graph\":[{\"@type\":\"WebSite\",\"@id\":\"https:\/\/www.dianapenzion.cz\/web\/#website\",\"url\":\"https:\/\/www.dianapenzion.cz\/web\/\",\"name\":\"Ubytov\\u00e1n\\u00ed B\\u011bl\\u00e1 pod Bezd\\u011bzem\",\"description\":\"Penzion Diana\",\"potentialAction\":[{\"@type\":\"SearchAction\",\"target\":{\"@type\":\"EntryPoint\",\"urlTemplate\":\"https:\/\/www.dianapenzion.cz\/web\/?s={search_term_string}\"},\"query-input\":\"required name=search_term_string\"}],\"inLanguage\":\"cs\"},{\"@type\":\"ImageObject\",\"@id\":\"https:\/\/www.dianapenzion.cz\/web\/#primaryimage\",\"inLanguage\":\"cs\",\"url\":\"https:\/\/www.dianapenzion.cz\/web\/wp-content\/uploads\/2013\/05\/web_pikto42.png\",\"contentUrl\":\"https:\/\/www.dianapenzion.cz\/web\/wp-content\/uploads\/2013\/05\/web_pikto42.png\",\"width\":1024,\"height\":381},{\"@type\":\"WebPage\",\"@id\":\"https:\/\/www.dianapenzion.cz\/web\/#webpage\",\"url\":\"https:\/\/www.dianapenzion.cz\/web\/\",\"name\":\"\\u00davod - Ubytov\\u00e1n\\u00ed B\\u011bl\\u00e1 pod Bezd\\u011bzem\",\"isPartOf\":{\"@id\":\"https:\/\/www.dianapenzion.cz\/web\/#website\"},\"primaryImageOfPage\":{\"@id\":\"https:\/\/www.dianapenzion.cz\/web\/#primaryimage\"},\"datePublished\":\"2013-05-12T09:26:17+00:00\",\"dateModified\":\"2024-02-22T18:42:56+00:00\",\"description\":\"Diana penzion B\\u011bl\\u00e1 pod Bezd\\u011bzem le\\u017e\\u00ed v centru malebn\\u00e9ho m\\u011bste\\u010dka obklopen\\u00e9ho lesy, v klidn\\u00e9m prost\\u0159ed\\u00ed, v bl\\u00edzkosti n\\u00e1m\\u011bst\\u00ed. Ubytov\\u00e1n\\u00ed B\\u011bl\\u00e1 pod Bezd\\u011bzem\",\"breadcrumb\":{\"@id\":\"https:\/\/www.dianapenzion.cz\/web\/#breadcrumb\"},\"inLanguage\":\"cs\",\"potentialAction\":[{\"@type\":\"ReadAction\",\"target\":[\"https:\/\/www.dianapenzion.cz\/web\/\"]}]},{\"@type\":\"BreadcrumbList\",\"@id\":\"https:\/\/www.dianapenzion.cz\/web\/#breadcrumb\",\"itemListElement\":[{\"@type\":\"ListItem\",\"position\":1,\"name\":\"\\u00davod\"}]}]}<\/script>\n<!-- \/ Yoast SEO plugin. -->","yoast_head_json":{"description":"Diana penzion B\u011bl\u00e1 pod Bezd\u011bzem le\u017e\u00ed v centru malebn\u00e9ho m\u011bste\u010dka obklopen\u00e9ho lesy, v klidn\u00e9m prost\u0159ed\u00ed, v bl\u00edzkosti n\u00e1m\u011bst\u00ed. Ubytov\u00e1n\u00ed B\u011bl\u00e1 pod Bezd\u011bzem","robots":{"index":"index","follow":"follow","max-snippet":"max-snippet:-1","max-image-preview":"max-image-preview:large","max-video-preview":"max-video-preview:-1"},"canonical":"https:\/\/www.dianapenzion.cz\/web\/","og_locale":"cs_CZ","og_type":"article","og_title":"\u00davod - Ubytov\u00e1n\u00ed B\u011bl\u00e1 pod Bezd\u011bzem","og_description":"Diana penzion B\u011bl\u00e1 pod Bezd\u011bzem le\u017e\u00ed v centru malebn\u00e9ho m\u011bste\u010dka obklopen\u00e9ho lesy, v klidn\u00e9m prost\u0159ed\u00ed, v bl\u00edzkosti n\u00e1m\u011bst\u00ed. Ubytov\u00e1n\u00ed B\u011bl\u00e1 pod Bezd\u011bzem","og_url":"https:\/\/www.dianapenzion.cz\/web\/","og_site_name":"Ubytov\u00e1n\u00ed B\u011bl\u00e1 pod Bezd\u011bzem","article_modified_time":"2024-02-22T18:42:56+00:00","og_image":[{"url":"https:\/\/www.dianapenzion.cz\/web\/wp-content\/uploads\/2013\/05\/web_pikto42.png"}],"twitter_misc":{"Odhadovan\u00e1 doba \u010dten\u00ed":"2 minuty"},"schema":{"@context":"https:\/\/schema.org","@graph":[{"@type":"WebSite","@id":"https:\/\/www.dianapenzion.cz\/web\/#website","url":"https:\/\/www.dianapenzion.cz\/web\/","name":"Ubytov\u00e1n\u00ed B\u011bl\u00e1 pod Bezd\u011bzem","description":"Penzion Diana","potentialAction":[{"@type":"SearchAction","target":{"@type":"EntryPoint","urlTemplate":"https:\/\/www.dianapenzion.cz\/web\/?s={search_term_string}"},"query-input":"required name=search_term_string"}],"inLanguage":"cs"},{"@type":"ImageObject","@id":"https:\/\/www.dianapenzion.cz\/web\/#primaryimage","inLanguage":"cs","url":"https:\/\/www.dianapenzion.cz\/web\/wp-content\/uploads\/2013\/05\/web_pikto42.png","contentUrl":"https:\/\/www.dianapenzion.cz\/web\/wp-content\/uploads\/2013\/05\/web_pikto42.png","width":1024,"height":381},{"@type":"WebPage","@id":"https:\/\/www.dianapenzion.cz\/web\/#webpage","url":"https:\/\/www.dianapenzion.cz\/web\/","name":"\u00davod - Ubytov\u00e1n\u00ed B\u011bl\u00e1 pod Bezd\u011bzem","isPartOf":{"@id":"https:\/\/www.dianapenzion.cz\/web\/#website"},"primaryImageOfPage":{"@id":"https:\/\/www.dianapenzion.cz\/web\/#primaryimage"},"datePublished":"2013-05-12T09:26:17+00:00","dateModified":"2024-02-22T18:42:56+00:00","description":"Diana penzion B\u011bl\u00e1 pod Bezd\u011bzem le\u017e\u00ed v centru malebn\u00e9ho m\u011bste\u010dka obklopen\u00e9ho lesy, v klidn\u00e9m prost\u0159ed\u00ed, v bl\u00edzkosti n\u00e1m\u011bst\u00ed. Ubytov\u00e1n\u00ed B\u011bl\u00e1 pod Bezd\u011bzem","breadcrumb":{"@id":"https:\/\/www.dianapenzion.cz\/web\/#breadcrumb"},"inLanguage":"cs","potentialAction":[{"@type":"ReadAction","target":["https:\/\/www.dianapenzion.cz\/web\/"]}]},{"@type":"BreadcrumbList","@id":"https:\/\/www.dianapenzion.cz\/web\/#breadcrumb","itemListElement":[{"@type":"ListItem","position":1,"name":"\u00davod"}]}]}},"_links":{"self":[{"href":"https:\/\/www.dianapenzion.cz\/web\/wp-json\/wp\/v2\/pages\/30"}],"collection":[{"href":"https:\/\/www.dianapenzion.cz\/web\/wp-json\/wp\/v2\/pages"}],"about":[{"href":"https:\/\/www.dianapenzion.cz\/web\/wp-json\/wp\/v2\/types\/page"}],"author":[{"embeddable":true,"href":"https:\/\/www.dianapenzion.cz\/web\/wp-json\/wp\/v2\/users\/1"}],"replies":[{"embeddable":true,"href":"https:\/\/www.dianapenzion.cz\/web\/wp-json\/wp\/v2\/comments?post=30"}],"version-history":[{"count":4,"href":"https:\/\/www.dianapenzion.cz\/web\/wp-json\/wp\/v2\/pages\/30\/revisions"}],"predecessor-version":[{"id":1231,"href":"https:\/\/www.dianapenzion.cz\/web\/wp-json\/wp\/v2\/pages\/30\/revisions\/1231"}],"wp:attachment":[{"href":"https:\/\/www.dianapenzion.cz\/web\/wp-json\/wp\/v2\/media?parent=30"}],"curies":[{"name":"wp","href":"https:\/\/api.w.org\/{rel}","templated":true}]}}

Úvod

<p><br />
<div id="heading-counter-1" class="heading heading-1 type-divider" ><h1><span class="inner"><span class="helper-1"></span>Penzion Diana *** Villa Diana *** ubytování v soukromí<span class="helper-2"></span></span></h1></div><br />
<div class="grid"><div class="c-one-half "><strong>Penzion Diana *** Villa Diana Bělá pod Bezdězem</strong> leží v centru malebného městečka obklopeného lesy, v klidném prostředí, v blízkosti náměstí. Bydlení je vhodné pro firmy i pro rekreanty, pro cyklisty i turisty, ale i pro pořádání školení, kurzů a seminářů. Ubytování penzionu Diana je celoroční. <strong>Připojení WI-FI zdarma.</strong> Parkování je před penzionem nebo ve dvoře.</p>
<p>Hosté jistě uvítají možnost vlastního vaření, malá kuchyňka s chladničkou a sociální zařízení je součástí každého pokoje či apartmánu. Příjemné chvíle lze strávit i na zahradě, kde před každým pokojem je možnost venkovního posezení.</p>
<p><strong>Již od 1. 6. 1993 se zde hosté mohou ubytovat a prožít zde klidné chvíle. </strong><strong>Vhodné i pro dlouhodobé bydlení.</strong></p>
</div><div class="c-one-half "><strong>Bělá pod Bezdězem</strong> (300 m.n.v.) patří k rekreační oblasti Máchova kraje. Leží v mikroregionu Nisa na rozhraní tří regionů &#8211; CHKO Český ráj, CHKO Kokořínska a Podralska. 12 km od Máchova jezera a 13 km od Mladé Boleslavi. Přes Bělou vede přeshraniční cyklotrasa č. 241 Mělník &#8211; Žitava, na kterou navazuje cyklotrasa č. 3040 &#8211; 3045 Bělá p. B. &#8211; Hrádek &#8211; Žitava. Asi 500 m od penzionu je pěkné přírodní koupaliště.</p>
<p>Dominantu města tvoří 7 km vzdálený <strong>hrad Bezděz</strong>, který vznikl na podnět českého krále Přemysla Otakara II. kolem roku 1264. Z jeho zrekonstruované věže je velmi pěkný rozhled do širokého okolí. Hrad Bezděz patří mezi nejvýznamnější a nejlépe dochované raně gotické památky a v roce 1978 byl vyhlášen národní kulturní památkou.</p>
</div></div></p>
<div class="divider type-simple"></div>
<p><a href="https://www.dianapenzion.cz/web/kontakty/"><img loading="lazy" class="aligncenter size-full wp-image-270" src="https://www.dianapenzion.cz/web/wp-content/uploads/2013/05/web_pikto42.png" alt="web_pikto4" width="1024" height="381" srcset="https://www.dianapenzion.cz/web/wp-content/uploads/2013/05/web_pikto42.png 1024w, https://www.dianapenzion.cz/web/wp-content/uploads/2013/05/web_pikto42-300x111.png 300w" sizes="(max-width: 1024px) 100vw, 1024px" /></a></p>
<div class="divider type-simple"></div>
<p style="text-align: right;">Aktualizováno  22. 2. 2024</p>

<p>Aktualizováno  22. 2. 2024</p>

<!-- This site is optimized with the Yoast SEO plugin v16.8 - https://yoast.com/wordpress/plugins/seo/ -->
<meta name="description" content="Diana penzion Bělá pod Bezdězem leží v centru malebného městečka obklopeného lesy, v klidném prostředí, v blízkosti náměstí. Ubytování Bělá pod Bezdězem" />
<meta name="robots" content="index, follow, max-snippet:-1, max-image-preview:large, max-video-preview:-1" />
<link rel="canonical" href="https://www.dianapenzion.cz/web/" />
<meta property="og:locale" content="cs_CZ" />
<meta property="og:type" content="article" />
<meta property="og:title" content="Úvod - Ubytování Bělá pod Bezdězem" />
<meta property="og:description" content="Diana penzion Bělá pod Bezdězem leží v centru malebného městečka obklopeného lesy, v klidném prostředí, v blízkosti náměstí. Ubytování Bělá pod Bezdězem" />
<meta property="og:url" content="https://www.dianapenzion.cz/web/" />
<meta property="og:site_name" content="Ubytování Bělá pod Bezdězem" />
<meta property="article:modified_time" content="2024-02-22T18:42:56+00:00" />
<meta property="og:image" content="https://www.dianapenzion.cz/web/wp-content/uploads/2013/05/web_pikto42.png" />
<meta name="twitter:label1" content="Odhadovaná doba čtení" />
	<meta name="twitter:data1" content="2 minuty" />
<script type="application/ld+json" class="yoast-schema-graph">{"@context":"https://schema.org","@graph":[{"@type":"WebSite","@id":"https://www.dianapenzion.cz/web/#website","url":"https://www.dianapenzion.cz/web/","name":"Ubytov\u00e1n\u00ed B\u011bl\u00e1 pod Bezd\u011bzem","description":"Penzion Diana","potentialAction":[{"@type":"SearchAction","target":{"@type":"EntryPoint","urlTemplate":"https://www.dianapenzion.cz/web/?s={search_term_string}"},"query-input":"required name=search_term_string"}],"inLanguage":"cs"},{"@type":"ImageObject","@id":"https://www.dianapenzion.cz/web/#primaryimage","inLanguage":"cs","url":"https://www.dianapenzion.cz/web/wp-content/uploads/2013/05/web_pikto42.png","contentUrl":"https://www.dianapenzion.cz/web/wp-content/uploads/2013/05/web_pikto42.png","width":1024,"height":381},{"@type":"WebPage","@id":"https://www.dianapenzion.cz/web/#webpage","url":"https://www.dianapenzion.cz/web/","name":"\u00davod - Ubytov\u00e1n\u00ed B\u011bl\u00e1 pod Bezd\u011bzem","isPartOf":{"@id":"https://www.dianapenzion.cz/web/#website"},"primaryImageOfPage":{"@id":"https://www.dianapenzion.cz/web/#primaryimage"},"datePublished":"2013-05-12T09:26:17+00:00","dateModified":"2024-02-22T18:42:56+00:00","description":"Diana penzion B\u011bl\u00e1 pod Bezd\u011bzem le\u017e\u00ed v centru malebn\u00e9ho m\u011bste\u010dka obklopen\u00e9ho lesy, v klidn\u00e9m prost\u0159ed\u00ed, v bl\u00edzkosti n\u00e1m\u011bst\u00ed. Ubytov\u00e1n\u00ed B\u011bl\u00e1 pod Bezd\u011bzem","breadcrumb":{"@id":"https://www.dianapenzion.cz/web/#breadcrumb"},"inLanguage":"cs","potentialAction":[{"@type":"ReadAction","target":["https://www.dianapenzion.cz/web/"]}]},{"@type":"BreadcrumbList","@id":"https://www.dianapenzion.cz/web/#breadcrumb","itemListElement":[{"@type":"ListItem","position":1,"name":"\u00davod"}]}]}</script>
<!-- / Yoast SEO plugin. -->

Diana penzion Bělá pod Bezdězem leží v centru malebného městečka obklopeného lesy, v klidném prostředí, v blízkosti náměstí. Ubytování Bělá pod Bezdězem

Úvod - Ubytování Bělá pod Bezdězem

Ubytování Bělá pod Bezdězem
