{"id":41,"date":"2013-05-12T09:57:43","date_gmt":"2013-05-12T09:57:43","guid":{"rendered":"http:\/\/www.dianapenzion.cz\/web\/?page_id=41"},"modified":"2024-02-22T18:35:46","modified_gmt":"2024-02-22T18:35:46","slug":"cenik","status":"publish","type":"page","link":"https:\/\/www.dianapenzion.cz\/web\/cenik\/","title":{"rendered":"Cen\u00edk"},"content":{"rendered":"<h3><em><strong>Cen\u00edk ubytov\u00e1n\u00ed :<\/strong><\/em><\/h3>\n<p>Cena za jedno l\u016f\u017eko 350,- K\u010d a\u017e 600,- K\u010d dle dohody, podle po\u010dtu osob a d\u00e9lky pobytu.<\/p>\n<p>1\/2 l\u016f\u017ekov\u00fd pokoj 1100,- K\u010d\/1 noc bez DPH<br \/>\nN\u011bkter\u00e9 pokoje jsou bez kuchy\u0148sk\u00e9ho koutu, jen s varnou konvi\u010dkou. P\u0159i objedn\u00e1vce je t\u0159eba up\u0159esnit.<\/p>\n<p><strong>Cena pro firmy: Slevy mno\u017estevn\u00ed a p\u0159i dlouhodob\u00e9m pobytu od 350,- K\u010d \/1 noc\/1 osoba. Ceny dle dohody.<\/strong><\/p>\n<p><strong>Ceny jsou bez DPH<\/strong>.<\/p>\n<p><strong>Vhodn\u00e9 i pro dlouhodob\u011b bydlen\u00ed &#8211; cena dohodou.<\/strong><\/p>\n<p>Vystavujeme faktury pro p\u0159\u00edsp\u011bvky na pobyt pro zam\u011bstnavatele.<\/p>\n<p>Ceny jsou smluvn\u00ed.<\/p>\n<p>N\u00e1stup na ubytov\u00e1n\u00ed po 15 hodin\u011b (mo\u017eno domluvit d\u0159\u00edv\u011bj\u0161\u00ed n\u00e1stup). P\u0159ed p\u0159\u00edjezdem pros\u00edm je\u0161t\u011b zatelefonujte a up\u0159esn\u011bte \u010das p\u0159\u00edjezdu.<div class=\"divider type-simple\"><\/div><\/p>\n<p><strong>Poplatek z pobytu pro M\u011b\u00da:<\/strong><\/p>\n<p>25,- K\u010d \/1 noc osoby od 18 do 70 let, bli\u017e\u0161\u00ed informace v recepci nebo M\u011b\u00da v B\u011bl\u00e9 pod Bezd\u011bzem.<\/p>\n<p><strong>Parkov\u00e1n\u00ed ve dvo\u0159e:<\/strong><\/p>\n<p>100,- K\u010d s DPH \/ 1 noc &#8211; auto<\/p>\n<p>80,- K\u010d s DPH \/ 1 noc &#8211; motorka<\/p>\n<p>Parkov\u00e1n\u00ed p\u0159ed penzionem <strong>zdarma<\/strong>.<\/p>\n<h3><em><strong>Stornovac\u00ed podm\u00ednky :<\/strong><\/em><\/h3>\n<p>V p\u0159\u00edpad\u011b, \u017ee z\u00e1kazn\u00edk zru\u0161\u00ed pobyt:<\/p>\n<p>50% celkov\u00e9 dohodnut\u00e9 \u010d\u00e1stky je nevratn\u00e1.<\/p>\n<p>70% z celkov\u00e9 \u010d\u00e1stky \u010din\u00ed odstupn\u00e9 p\u0159i zru\u0161en\u00ed pobytu 15 &#8211; 10 dn\u016f p\u0159ed n\u00e1stupem.<\/p>\n<p>80% z celkov\u00e9 \u010d\u00e1stky \u010din\u00ed odstupn\u00e9 p\u0159i zru\u0161en\u00ed pobytu 9 &#8211; 5 dn\u016f p\u0159ed n\u00e1stupem.<\/p>\n<p>100% celkov\u00e9 dohodnut\u00e9 \u010d\u00e1stky je nevratn\u00e9 p\u0159i zru\u0161en\u00ed pobytu 5 &#8211; 0 dn\u016f p\u0159ed n\u00e1stupem, nenastoupen\u00ed na pobyt \u010di p\u0159i p\u0159ed\u010dasn\u00e9m odjezdu.<\/p>\n<p>Za ztr\u00e1tu kl\u00ed\u010de \u00fa\u010dtujeme 600,- K\u010d s DPH.<br \/>\n<div class=\"divider type-simple\"><\/div><br \/>\n<strong>Dal\u0161\u00ed mo\u017enost ubytov\u00e1n\u00ed je v <a href=\"http:\/\/www.osadapohadka.cz\">chatov\u00e9 osad\u011b Poh\u00e1dka v B\u011bl\u00e9 pod Bezd\u011bzem<\/a>.<\/strong><br \/>\n<strong> Bli\u017e\u0161\u00ed informace na <a href=\"http:\/\/www.osadapohadka.cz\">www.osadapohadka.cz<\/a><\/strong><\/p>\n","protected":false},"excerpt":{"rendered":"<p>Cen\u00edk ubytov\u00e1n\u00ed : Cena za jedno l\u016f\u017eko 350,- K\u010d a\u017e 600,- K\u010d dle dohody, podle po\u010dtu osob a d\u00e9lky pobytu. 1\/2 l\u016f\u017ekov\u00fd pokoj 1100,- K\u010d\/1 noc bez DPH N\u011bkter\u00e9 pokoje jsou bez kuchy\u0148sk\u00e9ho koutu, jen s varnou konvi\u010dkou. P\u0159i objedn\u00e1vce je t\u0159eba up\u0159esnit. Cena pro firmy: Slevy mno\u017estevn\u00ed a p\u0159i dlouhodob\u00e9m pobytu od 350,- K\u010d [&hellip;]<\/p>\n","protected":false},"author":1,"featured_media":0,"parent":0,"menu_order":0,"comment_status":"closed","ping_status":"open","template":"","meta":{"ngg_post_thumbnail":0,"_links_to":"","_links_to_target":""},"yoast_head":"<!-- This site is optimized with the Yoast SEO plugin v16.8 - https:\/\/yoast.com\/wordpress\/plugins\/seo\/ -->\n<meta name=\"description\" content=\"Ubytov\u00e1n\u00ed B\u011bl\u00e1 pod Bezd\u011bzem, penzion, Mlad\u00e1 Boleslav, \u010cesk\u00fd R\u00e1j, Hrad, Bezd\u011bz\" \/>\n<meta name=\"robots\" content=\"index, follow, max-snippet:-1, max-image-preview:large, max-video-preview:-1\" \/>\n<link rel=\"canonical\" href=\"https:\/\/www.dianapenzion.cz\/web\/cenik\/\" \/>\n<meta property=\"og:locale\" content=\"cs_CZ\" \/>\n<meta property=\"og:type\" content=\"article\" \/>\n<meta property=\"og:title\" content=\"Cen\u00edk - Ubytov\u00e1n\u00ed B\u011bl\u00e1 pod Bezd\u011bzem\" \/>\n<meta property=\"og:description\" content=\"Ubytov\u00e1n\u00ed B\u011bl\u00e1 pod Bezd\u011bzem, penzion, Mlad\u00e1 Boleslav, \u010cesk\u00fd R\u00e1j, Hrad, Bezd\u011bz\" \/>\n<meta property=\"og:url\" content=\"https:\/\/www.dianapenzion.cz\/web\/cenik\/\" \/>\n<meta property=\"og:site_name\" content=\"Ubytov\u00e1n\u00ed B\u011bl\u00e1 pod Bezd\u011bzem\" \/>\n<meta property=\"article:modified_time\" content=\"2024-02-22T18:35:46+00:00\" \/>\n<meta name=\"twitter:label1\" content=\"Odhadovan\u00e1 doba \u010dten\u00ed\" \/>\n\t<meta name=\"twitter:data1\" content=\"1 minuta\" \/>\n<script type=\"application\/ld+json\" class=\"yoast-schema-graph\">{\"@context\":\"https:\/\/schema.org\",\"@graph\":[{\"@type\":\"WebSite\",\"@id\":\"https:\/\/www.dianapenzion.cz\/web\/#website\",\"url\":\"https:\/\/www.dianapenzion.cz\/web\/\",\"name\":\"Ubytov\\u00e1n\\u00ed B\\u011bl\\u00e1 pod Bezd\\u011bzem\",\"description\":\"Penzion Diana\",\"potentialAction\":[{\"@type\":\"SearchAction\",\"target\":{\"@type\":\"EntryPoint\",\"urlTemplate\":\"https:\/\/www.dianapenzion.cz\/web\/?s={search_term_string}\"},\"query-input\":\"required name=search_term_string\"}],\"inLanguage\":\"cs\"},{\"@type\":\"WebPage\",\"@id\":\"https:\/\/www.dianapenzion.cz\/web\/cenik\/#webpage\",\"url\":\"https:\/\/www.dianapenzion.cz\/web\/cenik\/\",\"name\":\"Cen\\u00edk - Ubytov\\u00e1n\\u00ed B\\u011bl\\u00e1 pod Bezd\\u011bzem\",\"isPartOf\":{\"@id\":\"https:\/\/www.dianapenzion.cz\/web\/#website\"},\"datePublished\":\"2013-05-12T09:57:43+00:00\",\"dateModified\":\"2024-02-22T18:35:46+00:00\",\"description\":\"Ubytov\\u00e1n\\u00ed B\\u011bl\\u00e1 pod Bezd\\u011bzem, penzion, Mlad\\u00e1 Boleslav, \\u010cesk\\u00fd R\\u00e1j, Hrad, Bezd\\u011bz\",\"breadcrumb\":{\"@id\":\"https:\/\/www.dianapenzion.cz\/web\/cenik\/#breadcrumb\"},\"inLanguage\":\"cs\",\"potentialAction\":[{\"@type\":\"ReadAction\",\"target\":[\"https:\/\/www.dianapenzion.cz\/web\/cenik\/\"]}]},{\"@type\":\"BreadcrumbList\",\"@id\":\"https:\/\/www.dianapenzion.cz\/web\/cenik\/#breadcrumb\",\"itemListElement\":[{\"@type\":\"ListItem\",\"position\":1,\"name\":\"Cen\\u00edk\"}]}]}<\/script>\n<!-- \/ Yoast SEO plugin. -->","yoast_head_json":{"description":"Ubytov\u00e1n\u00ed B\u011bl\u00e1 pod Bezd\u011bzem, penzion, Mlad\u00e1 Boleslav, \u010cesk\u00fd R\u00e1j, Hrad, Bezd\u011bz","robots":{"index":"index","follow":"follow","max-snippet":"max-snippet:-1","max-image-preview":"max-image-preview:large","max-video-preview":"max-video-preview:-1"},"canonical":"https:\/\/www.dianapenzion.cz\/web\/cenik\/","og_locale":"cs_CZ","og_type":"article","og_title":"Cen\u00edk - Ubytov\u00e1n\u00ed B\u011bl\u00e1 pod Bezd\u011bzem","og_description":"Ubytov\u00e1n\u00ed B\u011bl\u00e1 pod Bezd\u011bzem, penzion, Mlad\u00e1 Boleslav, \u010cesk\u00fd R\u00e1j, Hrad, Bezd\u011bz","og_url":"https:\/\/www.dianapenzion.cz\/web\/cenik\/","og_site_name":"Ubytov\u00e1n\u00ed B\u011bl\u00e1 pod Bezd\u011bzem","article_modified_time":"2024-02-22T18:35:46+00:00","twitter_misc":{"Odhadovan\u00e1 doba \u010dten\u00ed":"1 minuta"},"schema":{"@context":"https:\/\/schema.org","@graph":[{"@type":"WebSite","@id":"https:\/\/www.dianapenzion.cz\/web\/#website","url":"https:\/\/www.dianapenzion.cz\/web\/","name":"Ubytov\u00e1n\u00ed B\u011bl\u00e1 pod Bezd\u011bzem","description":"Penzion Diana","potentialAction":[{"@type":"SearchAction","target":{"@type":"EntryPoint","urlTemplate":"https:\/\/www.dianapenzion.cz\/web\/?s={search_term_string}"},"query-input":"required name=search_term_string"}],"inLanguage":"cs"},{"@type":"WebPage","@id":"https:\/\/www.dianapenzion.cz\/web\/cenik\/#webpage","url":"https:\/\/www.dianapenzion.cz\/web\/cenik\/","name":"Cen\u00edk - Ubytov\u00e1n\u00ed B\u011bl\u00e1 pod Bezd\u011bzem","isPartOf":{"@id":"https:\/\/www.dianapenzion.cz\/web\/#website"},"datePublished":"2013-05-12T09:57:43+00:00","dateModified":"2024-02-22T18:35:46+00:00","description":"Ubytov\u00e1n\u00ed B\u011bl\u00e1 pod Bezd\u011bzem, penzion, Mlad\u00e1 Boleslav, \u010cesk\u00fd R\u00e1j, Hrad, Bezd\u011bz","breadcrumb":{"@id":"https:\/\/www.dianapenzion.cz\/web\/cenik\/#breadcrumb"},"inLanguage":"cs","potentialAction":[{"@type":"ReadAction","target":["https:\/\/www.dianapenzion.cz\/web\/cenik\/"]}]},{"@type":"BreadcrumbList","@id":"https:\/\/www.dianapenzion.cz\/web\/cenik\/#breadcrumb","itemListElement":[{"@type":"ListItem","position":1,"name":"Cen\u00edk"}]}]}},"_links":{"self":[{"href":"https:\/\/www.dianapenzion.cz\/web\/wp-json\/wp\/v2\/pages\/41"}],"collection":[{"href":"https:\/\/www.dianapenzion.cz\/web\/wp-json\/wp\/v2\/pages"}],"about":[{"href":"https:\/\/www.dianapenzion.cz\/web\/wp-json\/wp\/v2\/types\/page"}],"author":[{"embeddable":true,"href":"https:\/\/www.dianapenzion.cz\/web\/wp-json\/wp\/v2\/users\/1"}],"replies":[{"embeddable":true,"href":"https:\/\/www.dianapenzion.cz\/web\/wp-json\/wp\/v2\/comments?post=41"}],"version-history":[{"count":3,"href":"https:\/\/www.dianapenzion.cz\/web\/wp-json\/wp\/v2\/pages\/41\/revisions"}],"predecessor-version":[{"id":1229,"href":"https:\/\/www.dianapenzion.cz\/web\/wp-json\/wp\/v2\/pages\/41\/revisions\/1229"}],"wp:attachment":[{"href":"https:\/\/www.dianapenzion.cz\/web\/wp-json\/wp\/v2\/media?parent=41"}],"curies":[{"name":"wp","href":"https:\/\/api.w.org\/{rel}","templated":true}]}}